z?
4
Suppose 3*l + 102564 = 3*j, -31*j - 3*l - 136747 = -35*j. What is the tens digit of j?
8
Suppose -3*f + 41 + 7 = 0. Let o(a) = -a**3 + 16*a**2 + 2*a - 16. Let v be o(f). Suppose -7*m + 544 = -v. What is the units digit of m?
0
Suppose 4*i + f = 19911, 213*i = 215*i + 4*f - 9938. What is the units digit of i?
9
Suppose 5*r + r - 90 = 0. Let c = r + -13. Suppose 0 = -c*a + 8*a - 396. What is the tens digit of a?
6
Let y be ((-4)/(-3))/(2 - 42/18). Let x = -1 - y. Suppose -738 = -5*o + 2*r, -3*r = x*o - 0*r - 426. What is the tens digit of o?
4
Suppose -3*a + 0*a - o = 18, o = -4*a - 25. Let p be 10*(2/a - (-44)/56). Suppose -4*h + 348 = x - p*x, 3*h = -3*x + 231. What is the tens digit of h?
8
Let h(l) = l**3 - 34*l**2 + 5*l - 125. What is the thousands digit of h(39)?
7
What is the tens digit of (-35)/25 - ((-1)/(-2) - (-9496172)/(-280))?
1
Suppose -3*p + 16 = -r, -77 + 74 = 5*r - 4*p. Let n be -1*(5 + 0)*-1. Suppose 2*d = -3*d + 10, n*i - 315 = r*d. What is the units digit of i?
5
Suppose 4*l = -2*c + 76, -4*c - c + 5*l = -145. Suppose -m = -4*f + 3393, -f - 28*m + 837 = -c*m. What is the tens digit of f?
4
Let s = 27 - 34. Let h(g) = -9*g - 50. Let v be h(s). Suppose 603 = v*c - 10*c. What is the hundreds digit of c?
2
Let x = -107 + 114. Suppose x*t + 8 = 1. Let b(d) = 136*d**2 + 4*d + 2. What is the units digit of b(t)?
4
Let f = -9074 - -21891. What is the units digit of f?
7
Let x be 58/4 - 3/(-18)*3. Suppose 3 - x = -6*c. Suppose 0 = -u - 5, 4*u - 5*u = c*p - 159. What is the tens digit of p?
8
Let t(z) = -181*z - 1439. What is the thousands digit of t(-50)?
7
Suppose -3*c - c = 0, 5*h - 3*c - 80 = 0. Suppose 0 = -21*z + h*z - 30. What is the units digit of 1 + 153 + (-6 - z - 1)?
3
Let j = -544 + 1413. Suppose -3*a - j = -3*p - 4*a, p - 278 = 2*a. Suppose 0 = -o + 5*o - p. What is the units digit of o?
2
Let i(n) = n**3 - 5*n**2 + 4. Let x be i(4). Let y be (-3)/x - (-634)/(-8). What is the units digit of (1 + (-2)/1)*(0 + y)?
9
Let j = 375 + -380. What is the tens digit of ((140/(-6))/j)/((-1)/(-33))?
5
Let q = -4855 + 6133. What is the units digit of q?
8
What is the units digit of (0 - 74/4)*(768 + -1228)?
0
Let x(i) = i**3 - i**2 + 14*i - 1. Let k(y) = 2*y + 19. Let s be k(-7). Let r be x(s). Let m = -107 + r. What is the tens digit of m?
6
Suppose 18*w - 16*w = 16. Suppose -3488 = -w*p + 224. What is the units digit of p?
4
Let f = 287 - 282. Suppose -p = -5*o - 503, 0 = -2*p + f*o + 1105 - 84. What is the tens digit of p?
1
Let n = 220 + -206. What is the tens digit of ((-102)/(-15))/(n/420)?
0
Let d(j) = 137*j + 1905. What is the hundreds digit of d(35)?
7
Let u be (16/(-6))/(10/(-75)) + -2. Let t be u/12*(4 - 2). Suppose 3*c - 3*b - 54 = 0, -t*c - 2 = -4*c + 5*b. What is the units digit of c?
2
Suppose 3*x = 2*w - x - 124, 3*w - 219 = -5*x. Suppose w*p = 65*p + 120. What is the units digit of p?
0
Let r be (-1)/4 - (-289)/68. Suppose -r*y = w - 2*w + 240, 12 = -4*y. What is the hundreds digit of w?
2
Let m = 2436 - -1958. What is the hundreds digit of m?
3
Suppose -4*u - 467225 = -51*u + 1726406. What is the hundreds digit of u?
6
Suppose 456*c - 484*c + 1778672 = 0. What is the units digit of c?
4
Let o(b) = b - 8. Let z be o(6). Let f be (-14)/(-21)*61 - z/(-3). Suppose 81 = 3*i + q, i - 3*i + 4*q + f = 0. What is the units digit of i?
6
Let s be 0/1 - (-22960)/14. Suppose -s = -6*z + 14*z. Let j = -98 - z. What is the hundreds digit of j?
1
Let q(b) = 3*b**3 + b**2 - 10*b + 17. Suppose 97*g = 103*g - 30. What is the units digit of q(g)?
7
Suppose -9*h = 11 - 173. Let k be 27/h*(-420)/(-9). Suppose -38*s + 40*s - k = 0. What is the tens digit of s?
3
Let d be 4/(-5 + 152/24). Let z = -1 + 7. Suppose -d*u = z*u - 1134. What is the hundreds digit of u?
1
Let p be -20 - 41 - (1/(-1) - 2). Let g = p - -57. What is the tens digit of 4 - (2 + -1) - 173/g?
7
Let a(c) = -2*c + 74. Let f be a(30). Suppose 0 = -f*q + 1419 + 2109. What is the tens digit of q?
5
What is the tens digit of ((-174)/(-15) - 5)*(-20)/8*-484?
8
Let n(o) = -559*o - 9. Let w be n(15). Let s be ((-21)/4)/(-7) - w/8. Suppose s = -3*k + 9*k. What is the units digit of k?
5
Suppose 3*v + 7 = 4*b - 19, 4*v - b + 13 = 0. What is the units digit of (482/(-8) - v)/((-6)/24)?
3
Suppose 0 = -p - 4*b + 33377, -4*p - 5*b - 2281 = -135844. What is the tens digit of p?
9
Suppose -12*a + 39 = a. Suppose -5*v - a*c = -200 - 960, 0 = 3*c - 15. What is the hundreds digit of v?
2
Let m(b) = -6*b**2 - 30*b + 5. Let j be m(-5). Suppose -3332 = -5*z + 4*f, -2*f - 675 = -z - j. What is the hundreds digit of z?
6
What is the tens digit of (7041 + -1 - 6)/(-9 + (-65)/(-7))?
1
Let r(u) = 3 - 54*u - 243*u**2 + 19 - 259*u**2 + 510*u**2. What is the hundreds digit of r(11)?
3
Let n(a) = -a**2 + 30*a - 5. Let k(q) = q**2 + 6*q + 8. Let t be k(-4). Suppose t = -2*j + 3*j - 22. What is the units digit of n(j)?
1
Let g = 2732 + -1528. What is the units digit of g?
4
Suppose 7*m + 5 = -2. Let x be (-8 - -2 - -5)*(-37)/m. Let v = x + 73. What is the tens digit of v?
3
Let d(f) = 10*f + 101. Let u be d(8). Suppose -4*g + u = 5*w, 2*w = w + 3*g + 40. What is the tens digit of w?
3
Let q = 607 - 606. Let a(l) be the first derivative of 3*l**4/4 - l**3/3 - l**2 + 3*l - 2. What is the units digit of a(q)?
3
Let i be (-6)/4*80/(-30). Suppose -f - 3*v = -i - 5, 4*f - 3*v - 6 = 0. What is the tens digit of 6/f - -32*1?
3
Let n = 197 - 195. Suppose 4*b - 2080 = n*o, -3*b - 640 + 2213 = 5*o. What is the units digit of b?
1
Suppose -9*z + 4*x = -5*z - 27860, -27853 = -4*z - 3*x. What is the tens digit of z?
6
Let h(s) = s**2 - 8*s - 31. Let q be h(11). Suppose 0 = -q*o - 11*u + 7*u + 780, -2*o = u - 792. What is the hundreds digit of o?
3
Let l(o) = 11658*o**2 - 98*o + 195. What is the hundreds digit of l(2)?
6
What is the units digit of (52/(-12) - -1)*((-3345804)/20)/17?
2
Let z(t) = -22*t + 4 - 4*t**2 - 1 + 9*t**2 - 7*t**2. Let h be z(-11). Suppose -p + 425 = 5*j - h*j, 0 = -p - 3. What is the tens digit of j?
1
Suppose w - 3*c - 2 = 0, -2*c = -5*w + 10 - 0. What is the units digit of (43/w)/(681/(-114) + 6)?
7
What is the thousands digit of 3/(12/16)*1447?
5
Suppose 49*k = -k - 193423 + 2416773. What is the ten thousands digit of k?
4
Let w be (24/(-15))/(2/(-25)). Suppose -4*r + 5*a = -5*r + 30, -5*a - w = -r. Suppose 4*z - r - 3 = 0. What is the units digit of z?
7
Suppose -j - 14 = -3*a, 5*j - 3*a + 70 = -4*a. Let n(v) = -v**3 - 14*v**2 - 14*v + 18. What is the hundreds digit of n(j)?
2
Let w(i) = i**2 - 2*i + 5. Let s be w(2). Let o be (1 - 2) + 30/s. Suppose -2*p + 0*g + 332 = -2*g, -o*p - 4*g + 830 = 0. What is the hundreds digit of p?
1
Suppose -985 = 5*f - 0*f. Let g = 465 - f. What is the units digit of g?
2
Suppose 2*a + 2*o - 8 = 0, 2*o + o + 20 = 5*a. Suppose t + 3*x = 298, -t - 148 + 443 = a*x. What is the tens digit of t?
0
Suppose -2*b + 64 = -f + 5*f, -3*f + 3*b = -30. Suppose -f*k + 15*k = 447. What is the hundreds digit of k?
4
Suppose 3*y + 3*m + 657 = -0*m, 5*y - 4*m = -1095. Let s = 19 - y. What is the units digit of s?
8
Suppose 2*i + 7*a = 6*a + 10, 4*i - 2*a = 12. Suppose -i*d - 3*r + 1074 = -r, -5*r = -2*d + 507. What is the units digit of d?
6
Suppose 4*u + 5*t = 20477, -5108 = 133*u - 134*u - 5*t. What is the units digit of u?
3
Suppose -5*g + 4*l - 59 = 69, -4*g - 106 = -5*l. Suppose 3*f + 42 = -3*y, y - 4*y - 40 = f. Let k = y - g. What is the units digit of k?
1
Let l(t) = 465*t - 57. Let b be l(-3). What is the hundreds digit of ((-40)/16)/(6/b)?
6
Suppose 17 = -u + 3*p + p, 4*u = 3*p - 3. Suppose 2811 = 9*v - 7*v + u*y, 4*v = 3*y + 5667. What is the thousands digit of v?
1
What is the ten thousands digit of 10384/132*6399/12?
4
Let y(a) = -52 + 15 + 27*a - 54 + 13. What is the hundreds digit of y(7)?
1
Suppose -4*w + 124416 = 5*n, -2*w = -3*n + 59840 + 14836. What is the units digit of n?
8
Suppose -3*g + 8*s + 46416 = -g, 3*g = 3*s + 69624. What is the ten thousands digit of g?
2
Let x(g) = 3524*g**2 - 107*g - 215. What is the hundreds digit of x(-2)?
0
Suppose -a - 3*h + 33 = -0, 0 = 3*h. Suppose -2044 = -a*k + 29*k. What is the hundreds digit of k?
5
What is the units digit of 4/(-10) + 2/10 - 1967274/(-45)?
7
Let x(l) be the second derivative of 43*l**5/10 - 